0*z = -h. List the prime factors of z.
2
Let s = 1381 + -582. What are the prime factors of s?
17, 47
Let z(t) = 12*t + 9. Suppose -3*o + 32 = 8. What are the prime factors of z(o)?
3, 5, 7
Let p be 298/8 - 5/20. Suppose -83 = -q - p. List the prime factors of q.
2, 23
Let v(a) = 453*a**2 - 9*a - 10. List the prime factors of v(-1).
2, 113
Suppose -2*q + 4584 = 3*f, 6468 - 1880 = 2*q + 5*f. What are the prime factors of q?
3, 7, 109
What are the prime factors of 3 + 4915/15 + 4/(-6)?
2, 3, 5, 11
Let r be -4 + (3 - 11) - 2. Let a(l) be the first derivative of l**3/3 + 4*l**2 - 5*l - 2. List the prime factors of a(r).
79
Suppose 11*x = 15*x + 464. Let m = 165 + x. What are the prime factors of m?
7
Suppose -2*u = -6 + 4. Let l be u - 2/3*3. What are the prime factors of (34 - l) + 84/(-21)?
31
Suppose -3*m + 1459 = 412. List the prime factors of m.
349
Suppose -x + 2*r + 12 = 0, 23 = 3*x - r + 7. Suppose -2*h - 3*k + 0*k + x = 0, 0 = 3*h - k - 28. Suppose 3*n = h + 7. What are the prime factors of n?
5
Let o = 0 - -3. Suppose -3*f - 5 = 2*d, 5*f - 4 = -o*d - 12. Let n(v) = -11*v**3 + v**2 + v + 1. List the prime factors of n(f).
2, 3
Let p(t) = 542*t**2 + 10*t. What are the prime factors of p(-2)?
2, 3, 179
Let v = -42 - -385. What are the prime factors of v?
7
Let q(x) = -x**2 - 10*x - 12. Let i be q(-8). Let g be -1 - (-9 - (i + 0)). List the prime factors of g - (3 + -1 + -2).
2, 3
Let v(h) = h**2 + 25*h + 84. Let o be v(-25). Let y be 0/2 + (-1 - -2). List the prime factors of (0 - y) + o/3.
3
Let x(l) = -l + 9. Let h be x(0). Let u be 5/(-2)*(h - 5). What are the prime factors of (9/3)/((-1)/u)?
2, 3, 5
Let f(h) = h**3 + 11*h**2 - 24*h - 6. List the prime factors of f(-7).
2, 179
Suppose -5*n = 4*z - 20213, -2*z + 21352 = 4*n + 5178. What are the prime factors of n?
5, 809
Let s(j) = j**2 + 3*j + 73. List the prime factors of s(20).
13, 41
Suppose -3*d - 5*s + 57 = 0, -5*s - 76 = -4*d - 2*s. Suppose l - d - 46 = 0. Let f = l + -33. What are the prime factors of f?
2
Let j(u) = 175*u**2 + u - 1. What are the prime factors of j(1)?
5, 7
Suppose -4*c = -43 + 43. Suppose 2*n + k - 428 = -3*k, c = 2*n - 4*k - 412. What are the prime factors of n?
2, 3, 5, 7
What are the prime factors of (21/(-3) + 253)*1?
2, 3, 41
Suppose 3*v = 4*r + 749, 3*v - 5*r - 745 = -3*r. What are the prime factors of v?
13, 19
Let c = -5 - -7. Suppose c*v + 2*v = 388. List the prime factors of v.
97
Suppose -4*r = -7*r + 414. List the prime factors of (r/10)/((-2)/(-10)).
3, 23
Let w(k) = 36*k**2 - 17*k - 16. What are the prime factors of w(-6)?
2, 691
Let c(d) = 830*d**2 - 41*d + 81. List the prime factors of c(2).
3319
Suppose 2*c - c - 4*o - 55 = 0, 5*c + 5*o = 175. Let u be 54/(-4)*(-26)/c. Let b = u + -6. List the prime factors of b.
3
Let w = 10 + -12. List the prime factors of w/(-1) + 2 - -7.
11
Let f(r) be the third derivative of 20*r**4/3 + r**3/6 - 5*r**2. Let a be f(1). Suppose 0 = -b + 5*b - k - a, -4*k = -2*b + 98. What are the prime factors of b?
3, 13
Let i = -256 + 969. List the prime factors of i.
23, 31
Let j(u) = 5*u**2 + 16*u + 22. Let n(x) = -6*x**2 - 16*x - 22. Let v(z) = 7*j(z) + 6*n(z). List the prime factors of v(11).
7, 11
Suppose c - 659 = -4*s, -151 = 2*s - 3*s - 3*c. Let i = s - 64. List the prime factors of i.
2, 3, 17
Let f(c) = c**2 - 5*c**3 - 3*c + 8*c**2 + 4*c**3. Let g be f(9). Let o = 31 + g. List the prime factors of o.
2
Let p(m) = -5*m**2 - 10*m + 1. Let f(r) = r + 1. Let i(z) = 4*f(z) - p(z). What are the prime factors of i(-6)?
3, 11
Let s = -56 - -58. Suppose -s*f - f + 216 = 3*l, 3 = l. List the prime factors of f.
3, 23
Let d be (-4)/(5 + -3) - -10. Let w = 16 + d. List the prime factors of (w/(-9) + -2)*-3.
2, 7
Suppose -19 = -c + 33. Suppose 2*v - c = v. Suppose 2*u + 0*u = v. What are the prime factors of u?
2, 13
Let n = 1400 - -781. List the prime factors of n.
3, 727
Let h(k) = -k**2 - 14*k + 19. Let p be h(-17). Let b(o) = 17*o - 5. Let a be b(4). Let n = p + a. List the prime factors of n.
31
Let x(i) = -41*i - 7. Let h be x(-6). Let s = -124 + h. Suppose -3*g = 2*g - s. What are the prime factors of g?
23
Let a be (-1582)/(-11) + (-26)/(-143). Suppose -a = -0*d - 3*d. Suppose -d = -4*r - r + 3*q, -q = 5*r - 44. What are the prime factors of r?
3
Let s(c) = 15*c. Let b = -10 + 11. Let o be s(b). Suppose 7 = u - o. What are the prime factors of u?
2, 11
Suppose 31*i - 35*i - 1426 = -2*w, i = -3*w + 2118. List the prime factors of w.
7, 101
Let n be 123/(-15) + (-1)/(-5). Let z(v) = -11*v + 3. What are the prime factors of z(n)?
7, 13
Let l = 7 - 12. Let d = l + 8. Suppose -4*n = 5*w - 157, d*w = -2*n + 31 + 50. List the prime factors of n.
3, 11
Let j(i) = i**3 - 10*i**2 + 15*i + 16. Let k = 18 + -10. List the prime factors of j(k).
2
Suppose -2*g - g - 4*m = 566, 2*g - 5*m = -362. Let x = -36 - g. Suppose 10 = -2*c, 2*c = -4*p - 0*c + x. What are the prime factors of p?
2, 5
Suppose -3*y + 5*k = -45, -y - 3*k + 1 = -0*y. What are the prime factors of y/45 + (-538)/(-9)?
2, 3, 5
Suppose -14*w - 17640 = -63*w. What are the prime factors of w?
2, 3, 5
Let s(f) = -6*f**3 + f**2 - 6*f + 6. Let y(z) = -5*z**3 - 6*z + 6. Let k(w) = 6*s(w) - 7*y(w). Let q be k(4). List the prime factors of q/(-4)*16/(-10).
2, 5
Let w be 0/(3*6/9). Suppose -r + 2*u + 2*u + 167 = w, -15 = 3*u. Let p = r + -96. What are the prime factors of p?
3, 17
What are the prime factors of (310 - -3)*(-4 + 2 - -3)?
313
Suppose -w + 3 = 3. Suppose w = -4*f + 251 + 221. List the prime factors of f.
2, 59
Suppose 5*h - 2*p - 2*p = 55, -3*h + 5*p + 33 = 0. Let t(q) = 5*q + 365 - 367 + q. List the prime factors of t(h).
2
Let u(d) = d**3 + 7*d**2 - 11*d - 10. Let l be u(-6). Let p = l + 4. List the prime factors of p.
2, 3
Suppose -75*g + 33*g + 26544 = 0. List the prime factors of g.
2, 79
Let d(j) = -j**2 - 11*j - 5. Let k be d(-10). Suppose -k*i = -0*i - 10. Let x = i - -23. List the prime factors of x.
5
Let h(j) be the first derivative of j**3 + 3*j**2/2 - 2*j + 1. Let m be 1*-4 - (-3 + -3). What are the prime factors of h(m)?
2
Let r(x) = -8*x - 1. Let y be r(-1). Suppose 2*w - y*w = -75. List the prime factors of 6/(w/7 + -2).
2, 3, 7
Suppose d - 1928 = -p, 0 = -10*p + 7*p - 5*d + 5792. What are the prime factors of p?
2, 13, 37
Let q = 451 + 353. What are the prime factors of q?
2, 3, 67
Suppose -25629 = -61*i + 8165. What are the prime factors of i?
2, 277
Suppose 474 = -7*w + 1993. What are the prime factors of w?
7, 31
Suppose 40*n = 46*n - 2994. List the prime factors of n.
499
Suppose -2*m + 3*n = 2*n - 545, -3*m = 3*n - 840. Suppose 365 = 2*z - m. What are the prime factors of z?
2, 5
Suppose 22*b = 27*b - 20. Suppose -72 = b*t - 364. What are the prime factors of t?
73
Let b = -88 + 178. Suppose -5*u + b = -100. What are the prime factors of u + (2 - 2) + -2?
2, 3
List the prime factors of 6/105*10785 + (-4)/14.
2, 7, 11
Let l be (-1)/(0 + (-4)/(-16)). Let a be -3 + (-2 - (-3 + l)). What are the prime factors of a*(-5)/(10/(-28))?
2, 7
Suppose -g - 4 = -5*v + 10, -2*v - 5*g - 16 = 0. Suppose -v*s - 10 = 0, 2*n + 2*s = -2*n + 14. List the prime factors of n.
2, 3
Let a be 6/4*3336/(-36) + -3. Let b = -83 - a. List the prime factors of b.
59
List the prime factors of 12*((-35)/(-21) - 137/(-6)).
2, 3, 7
Let h be ((-248)/16)/((-2)/28). Suppose -10 = 2*a, 3*k - 97 - h = -5*a. List the prime factors of k.
113
Let k = 43 + -185. Let s = 287 + k. What are the prime factors of s?
5, 29
Suppose -7 = -z - 12. List the prime factors of (z + 0)/(4/(-36)).
3, 5
Let m = -1035 - -1739. List the prime factors of m.
2, 11
Suppose -8*u = 4*u + 8256. Let n = 997 + u. What are the prime factors of n?
3, 103
Let b(v) = -4*v - 3*v + 6*v. Let x be b(3). What are the prime factors of 16 + x + 4 + 4?
3, 7
Suppose -26542 = -58*j + 12*j. What are the prime factors of j?
577
Suppose -15*a + 57221 = 3221. What are the prime factors of a?
2, 3, 5
Let r = -2205 + 3548. List the prime factors of r.
17, 79
Let y(t) = -118*t - 48. List the prime factors of y(-5).
2, 271
Let d be -2*1/1*2695/(-14). Suppose 6*n = 2*n - 5*f + d, 0 = -5*f + 25. List the prime factors of n.
2, 3, 5
Suppose 0 = -5*o - 2*b + 1174, 0 = -o + 4*b + b + 251. What are the prime factors of (-8)/(-20) + (o